
{"id":821,"date":"2023-04-11T20:56:09","date_gmt":"2023-04-11T18:56:09","guid":{"rendered":"https:\/\/asma.ideotours.fr\/photoguibout\/?post_type=product&#038;p=821"},"modified":"2025-09-24T10:15:27","modified_gmt":"2025-09-24T08:15:27","slug":"fuji-instax-mini-liplay-blanc","status":"publish","type":"product","link":"https:\/\/asma.ideotours.fr\/photoguibout\/produit\/fuji-instax-mini-liplay-blanc\/","title":{"rendered":"FUJI INSTAX MINI LIPLAY BLANC"},"content":{"rendered":"<p>&nbsp;<\/p>\n<ul data-start=\"157\" data-end=\"1326\">\n<li data-start=\"157\" data-end=\"212\">\n<p data-start=\"159\" data-end=\"212\">Capteur : CMOS 1\/5\" avec filtre de couleur primaire<\/p>\n<\/li>\n<li data-start=\"213\" data-end=\"270\">\n<p data-start=\"215\" data-end=\"270\">R\u00e9solution (images enregistr\u00e9es) : 2560 \u00d7 1920 pixels<\/p>\n<\/li>\n<li data-start=\"271\" data-end=\"329\">\n<p data-start=\"273\" data-end=\"329\">Stockage : m\u00e9moire interne + carte microSD \/ microSDHC<\/p>\n<\/li>\n<li data-start=\"330\" data-end=\"378\">\n<p data-start=\"332\" data-end=\"378\">Capacit\u00e9 de la m\u00e9moire interne : ~ 45 images<\/p>\n<\/li>\n<li data-start=\"379\" data-end=\"431\">\n<p data-start=\"381\" data-end=\"431\">Capacit\u00e9 sur carte microSD : ~ 850 images par Go<\/p>\n<\/li>\n<li data-start=\"432\" data-end=\"476\">\n<p data-start=\"434\" data-end=\"476\">Focale fixe : \u00e9quivalent \u00e0 28 mm (35 mm)<\/p>\n<\/li>\n<li data-start=\"477\" data-end=\"498\">\n<p data-start=\"479\" data-end=\"498\">Ouverture : f\/2.0<\/p>\n<\/li>\n<li data-start=\"499\" data-end=\"550\">\n<p data-start=\"501\" data-end=\"550\">Distance de mise au point : de 10 cm \u00e0 l\u2019infini<\/p>\n<\/li>\n<li data-start=\"551\" data-end=\"611\">\n<p data-start=\"553\" data-end=\"611\">Vitesse d\u2019obturation : de 1\/4 s \u00e0 1\/8000 s (automatique)<\/p>\n<\/li>\n<li data-start=\"612\" data-end=\"658\">\n<p data-start=\"614\" data-end=\"658\">Sensibilit\u00e9 ISO : 100 \u00e0 1600 (automatique)<\/p>\n<\/li>\n<li data-start=\"659\" data-end=\"725\">\n<p data-start=\"661\" data-end=\"725\">Compensation d\u2019exposition : de \u20132.0 \u00e0 +2.0 EV (par pas de 1\/3)<\/p>\n<\/li>\n<li data-start=\"726\" data-end=\"828\">\n<p data-start=\"728\" data-end=\"828\">Flash int\u00e9gr\u00e9 : automatique \/ forc\u00e9 \/ d\u00e9sactiv\u00e9 ; port\u00e9e efficace du flash : environ 50 cm \u00e0 1,5 m<\/p>\n<\/li>\n<li data-start=\"829\" data-end=\"893\">\n<p data-start=\"831\" data-end=\"893\">\u00c9cran : \u00e9cran LCD couleur TFT de 2,7 pouces, ~230 000 points<\/p>\n<\/li>\n<li data-start=\"894\" data-end=\"959\">\n<p data-start=\"896\" data-end=\"959\">Dimensions : 82,5 \u00d7 122,9 \u00d7 36,7 mm (hors parties saillantes)<\/p>\n<\/li>\n<li data-start=\"960\" data-end=\"1015\">\n<p data-start=\"962\" data-end=\"1015\">Poids : environ 255 g (sans films ni carte m\u00e9moire)<\/p>\n<\/li>\n<li data-start=\"1016\" data-end=\"1078\">\n<p data-start=\"1018\" data-end=\"1078\">Alimentation : batterie lithium-ion int\u00e9gr\u00e9e, rechargeable<\/p>\n<\/li>\n<li data-start=\"1079\" data-end=\"1157\">\n<p data-start=\"1081\" data-end=\"1157\">Nombre d\u2019impressions possibles par charge : environ 100 (selon conditions)<\/p>\n<\/li>\n<li data-start=\"1158\" data-end=\"1222\">\n<p data-start=\"1160\" data-end=\"1222\">Temps de sortie d\u2019impression : environ 12 secondes par photo<\/p>\n<\/li>\n<li data-start=\"1223\" data-end=\"1326\">\n<p data-start=\"1225\" data-end=\"1326\">Environnement de fonctionnement : temp\u00e9rature de +5 \u00b0C \u00e0 +40 \u00b0C, humidit\u00e9 20\u201380 % sans condensation<\/p>\n<\/li>\n<\/ul>\n","protected":false},"excerpt":{"rendered":"<p>Le Instax Mini LiPlay est un appareil instantan\u00e9 hybride qui combine un appareil photo num\u00e9rique et une imprimante directe au format Instax Mini. Il permet de voir ses photos sur \u00e9cran d\u2019abord, d\u2019ajouter des filtres ou cadres, d\u2019enregistrer un petit message sonore avec chaque photo via QR code, puis d\u2019imprimer en environ 12 secondes. L\u00e9ger et \u00e9l\u00e9gant, c\u2019est un excellent choix pour les souvenirs spontan\u00e9s et cr\u00e9atifs.<\/p>\n","protected":false},"featured_media":824,"comment_status":"open","ping_status":"closed","template":"","meta":{"_vp_format_video_url":"","_vp_image_focal_point":[]},"product_cat":[24],"product_tag":[32,36],"yoast_head":"<!-- This site is optimized with the Yoast SEO plugin v20.5 - https:\/\/yoast.com\/wordpress\/plugins\/seo\/ -->\n<title>FUJI INSTAX MINI LIPLAY BLANC - Photo Guibout<\/title>\n<meta name=\"robots\" content=\"noindex, follow, max-snippet:-1, max-image-preview:large, max-video-preview:-1\" \/>\n<meta property=\"og:locale\" content=\"fr_FR\" \/>\n<meta property=\"og:type\" content=\"article\" \/>\n<meta property=\"og:title\" content=\"FUJI INSTAX MINI LIPLAY BLANC - Photo Guibout\" \/>\n<meta property=\"og:description\" content=\"Le Instax Mini LiPlay est un appareil instantan\u00e9 hybride qui combine un appareil photo num\u00e9rique et une imprimante directe au format Instax Mini. Il permet de voir ses photos sur \u00e9cran d\u2019abord, d\u2019ajouter des filtres ou cadres, d\u2019enregistrer un petit message sonore avec chaque photo via QR code, puis d\u2019imprimer en environ 12 secondes. L\u00e9ger et \u00e9l\u00e9gant, c\u2019est un excellent choix pour les souvenirs spontan\u00e9s et cr\u00e9atifs.\" \/>\n<meta property=\"og:url\" content=\"https:\/\/asma.ideotours.fr\/photoguibout\/produit\/fuji-instax-mini-liplay-blanc\/\" \/>\n<meta property=\"og:site_name\" content=\"Photo Guibout\" \/>\n<meta property=\"article:modified_time\" content=\"2025-09-24T08:15:27+00:00\" \/>\n<meta property=\"og:image\" content=\"https:\/\/asma.ideotours.fr\/photoguibout\/wp-content\/uploads\/2023\/04\/FUJI-INSTAX-MINI-LIPLAY-BLANC-03.jpg\" \/>\n\t<meta property=\"og:image:width\" content=\"800\" \/>\n\t<meta property=\"og:image:height\" content=\"800\" \/>\n\t<meta property=\"og:image:type\" content=\"image\/jpeg\" \/>\n<meta name=\"twitter:card\" content=\"summary_large_image\" \/>\n<meta name=\"twitter:label1\" content=\"Dur\u00e9e de lecture estim\u00e9e\" \/>\n\t<meta name=\"twitter:data1\" content=\"1 minute\" \/>\n<script type=\"application\/ld+json\" class=\"yoast-schema-graph\">{\"@context\":\"https:\/\/schema.org\",\"@graph\":[{\"@type\":\"WebPage\",\"@id\":\"https:\/\/asma.ideotours.fr\/photoguibout\/produit\/fuji-instax-mini-liplay-blanc\/\",\"url\":\"https:\/\/asma.ideotours.fr\/photoguibout\/produit\/fuji-instax-mini-liplay-blanc\/\",\"name\":\"FUJI INSTAX MINI LIPLAY BLANC - Photo Guibout\",\"isPartOf\":{\"@id\":\"https:\/\/asma.ideotours.fr\/photoguibout\/#website\"},\"datePublished\":\"2023-04-11T18:56:09+00:00\",\"dateModified\":\"2025-09-24T08:15:27+00:00\",\"breadcrumb\":{\"@id\":\"https:\/\/asma.ideotours.fr\/photoguibout\/produit\/fuji-instax-mini-liplay-blanc\/#breadcrumb\"},\"inLanguage\":\"fr-FR\",\"potentialAction\":[{\"@type\":\"ReadAction\",\"target\":[\"https:\/\/asma.ideotours.fr\/photoguibout\/produit\/fuji-instax-mini-liplay-blanc\/\"]}]},{\"@type\":\"BreadcrumbList\",\"@id\":\"https:\/\/asma.ideotours.fr\/photoguibout\/produit\/fuji-instax-mini-liplay-blanc\/#breadcrumb\",\"itemListElement\":[{\"@type\":\"ListItem\",\"position\":1,\"name\":\"Accueil\",\"item\":\"https:\/\/asma.ideotours.fr\/photoguibout\/\"},{\"@type\":\"ListItem\",\"position\":2,\"name\":\"Boutique\",\"item\":\"https:\/\/asma.ideotours.fr\/photoguibout\/boutique\/\"},{\"@type\":\"ListItem\",\"position\":3,\"name\":\"FUJI INSTAX MINI LIPLAY BLANC\"}]},{\"@type\":\"WebSite\",\"@id\":\"https:\/\/asma.ideotours.fr\/photoguibout\/#website\",\"url\":\"https:\/\/asma.ideotours.fr\/photoguibout\/\",\"name\":\"Photo Guibout\",\"description\":\"\",\"publisher\":{\"@id\":\"https:\/\/asma.ideotours.fr\/photoguibout\/#\/schema\/person\/3a9d5f568466f7757e0abc8be3054d3c\"},\"potentialAction\":[{\"@type\":\"SearchAction\",\"target\":{\"@type\":\"EntryPoint\",\"urlTemplate\":\"https:\/\/asma.ideotours.fr\/photoguibout\/?s={search_term_string}\"},\"query-input\":\"required name=search_term_string\"}],\"inLanguage\":\"fr-FR\"},{\"@type\":[\"Person\",\"Organization\"],\"@id\":\"https:\/\/asma.ideotours.fr\/photoguibout\/#\/schema\/person\/3a9d5f568466f7757e0abc8be3054d3c\",\"name\":\"IdeopointPOINTcom\",\"logo\":{\"@id\":\"https:\/\/asma.ideotours.fr\/photoguibout\/#\/schema\/person\/image\/\"},\"sameAs\":[\"https:\/\/asma.ideotours.fr\/photoguibout\"]}]}<\/script>\n<!-- \/ Yoast SEO plugin. -->","yoast_head_json":{"title":"FUJI INSTAX MINI LIPLAY BLANC - Photo Guibout","robots":{"index":"noindex","follow":"follow","max-snippet":"max-snippet:-1","max-image-preview":"max-image-preview:large","max-video-preview":"max-video-preview:-1"},"og_locale":"fr_FR","og_type":"article","og_title":"FUJI INSTAX MINI LIPLAY BLANC - Photo Guibout","og_description":"Le Instax Mini LiPlay est un appareil instantan\u00e9 hybride qui combine un appareil photo num\u00e9rique et une imprimante directe au format Instax Mini. Il permet de voir ses photos sur \u00e9cran d\u2019abord, d\u2019ajouter des filtres ou cadres, d\u2019enregistrer un petit message sonore avec chaque photo via QR code, puis d\u2019imprimer en environ 12 secondes. L\u00e9ger et \u00e9l\u00e9gant, c\u2019est un excellent choix pour les souvenirs spontan\u00e9s et cr\u00e9atifs.","og_url":"https:\/\/asma.ideotours.fr\/photoguibout\/produit\/fuji-instax-mini-liplay-blanc\/","og_site_name":"Photo Guibout","article_modified_time":"2025-09-24T08:15:27+00:00","og_image":[{"width":800,"height":800,"url":"https:\/\/asma.ideotours.fr\/photoguibout\/wp-content\/uploads\/2023\/04\/FUJI-INSTAX-MINI-LIPLAY-BLANC-03.jpg","type":"image\/jpeg"}],"twitter_card":"summary_large_image","twitter_misc":{"Dur\u00e9e de lecture estim\u00e9e":"1 minute"},"schema":{"@context":"https:\/\/schema.org","@graph":[{"@type":"WebPage","@id":"https:\/\/asma.ideotours.fr\/photoguibout\/produit\/fuji-instax-mini-liplay-blanc\/","url":"https:\/\/asma.ideotours.fr\/photoguibout\/produit\/fuji-instax-mini-liplay-blanc\/","name":"FUJI INSTAX MINI LIPLAY BLANC - Photo Guibout","isPartOf":{"@id":"https:\/\/asma.ideotours.fr\/photoguibout\/#website"},"datePublished":"2023-04-11T18:56:09+00:00","dateModified":"2025-09-24T08:15:27+00:00","breadcrumb":{"@id":"https:\/\/asma.ideotours.fr\/photoguibout\/produit\/fuji-instax-mini-liplay-blanc\/#breadcrumb"},"inLanguage":"fr-FR","potentialAction":[{"@type":"ReadAction","target":["https:\/\/asma.ideotours.fr\/photoguibout\/produit\/fuji-instax-mini-liplay-blanc\/"]}]},{"@type":"BreadcrumbList","@id":"https:\/\/asma.ideotours.fr\/photoguibout\/produit\/fuji-instax-mini-liplay-blanc\/#breadcrumb","itemListElement":[{"@type":"ListItem","position":1,"name":"Accueil","item":"https:\/\/asma.ideotours.fr\/photoguibout\/"},{"@type":"ListItem","position":2,"name":"Boutique","item":"https:\/\/asma.ideotours.fr\/photoguibout\/boutique\/"},{"@type":"ListItem","position":3,"name":"FUJI INSTAX MINI LIPLAY BLANC"}]},{"@type":"WebSite","@id":"https:\/\/asma.ideotours.fr\/photoguibout\/#website","url":"https:\/\/asma.ideotours.fr\/photoguibout\/","name":"Photo Guibout","description":"","publisher":{"@id":"https:\/\/asma.ideotours.fr\/photoguibout\/#\/schema\/person\/3a9d5f568466f7757e0abc8be3054d3c"},"potentialAction":[{"@type":"SearchAction","target":{"@type":"EntryPoint","urlTemplate":"https:\/\/asma.ideotours.fr\/photoguibout\/?s={search_term_string}"},"query-input":"required name=search_term_string"}],"inLanguage":"fr-FR"},{"@type":["Person","Organization"],"@id":"https:\/\/asma.ideotours.fr\/photoguibout\/#\/schema\/person\/3a9d5f568466f7757e0abc8be3054d3c","name":"IdeopointPOINTcom","logo":{"@id":"https:\/\/asma.ideotours.fr\/photoguibout\/#\/schema\/person\/image\/"},"sameAs":["https:\/\/asma.ideotours.fr\/photoguibout"]}]}},"_links":{"self":[{"href":"https:\/\/asma.ideotours.fr\/photoguibout\/wp-json\/wp\/v3\/product\/821"}],"collection":[{"href":"https:\/\/asma.ideotours.fr\/photoguibout\/wp-json\/wp\/v3\/product"}],"about":[{"href":"https:\/\/asma.ideotours.fr\/photoguibout\/wp-json\/wp\/v2\/types\/product"}],"replies":[{"embeddable":true,"href":"https:\/\/asma.ideotours.fr\/photoguibout\/wp-json\/wp\/v2\/comments?post=821"}],"wp:featuredmedia":[{"embeddable":true,"href":"https:\/\/asma.ideotours.fr\/photoguibout\/wp-json\/wp\/v2\/media\/824"}],"wp:attachment":[{"href":"https:\/\/asma.ideotours.fr\/photoguibout\/wp-json\/wp\/v2\/media?parent=821"}],"wp:term":[{"taxonomy":"product_cat","embeddable":true,"href":"https:\/\/asma.ideotours.fr\/photoguibout\/wp-json\/wp\/v2\/product_cat?post=821"},{"taxonomy":"product_tag","embeddable":true,"href":"https:\/\/asma.ideotours.fr\/photoguibout\/wp-json\/wp\/v2\/product_tag?post=821"}],"curies":[{"name":"wp","href":"https:\/\/api.w.org\/{rel}","templated":true}]}}